ide 23752808?
False
Is 197023534 a multiple of 3137?
False
Is 388809980 a multiple of 285?
False
Does 3663 divide 491358409?
False
Does 13 divide 147416503?
True
Is 38432356 a multiple of 838?
True
Does 1196 divide 23746057?
False
Is 2626602 a multiple of 34?
True
Does 348 divide 1351597342?
False
Is 2039 a factor of 64009838?
False
Does 49 divide 3967498622?
False
Is 2589 a factor of 29755377?
True
Is 5423483 a multiple of 18?
False
Does 389 divide 1139628404?
True
Is 10 a factor of 43426530?
True
Is 85 a factor of 3022629?
False
Is 3316369 a multiple of 4?
False
Does 61 divide 901544998?
False
Does 27 divide 596812455?
True
Does 5176 divide 401188687?
False
Does 36 divide 30339282?
False
Does 14 divide 91897287?
False
Does 79 divide 1127639601?
True
Is 31282932 a multiple of 303?
True
Is 164829756 a multiple of 51?
True
Is 7 a factor of 17186491?
True
Does 1392 divide 7823340?
False
Does 86 divide 1162999677?
False
Is 8327079 a multiple of 276?
False
Does 4770 divide 1123606890?
True
Is 2450 a factor of 32124400?
True
Does 83 divide 26458152?
False
Is 124 a factor of 186743380?
True
Is 31684608 a multiple of 37?
False
Is 66958552 a multiple of 605?
False
Does 2 divide 19155824?
True
Is 5 a factor of 79827164?
False
Is 181557275 a multiple of 11?
False
Is 2247 a factor of 20885865?
True
Does 220 divide 32615660?
True
Does 103 divide 78127354?
True
Is 550 a factor of 34202850?
True
Is 24546575 a multiple of 95?
True
Is 58 a factor of 209000332?
True
Is 6663142 a multiple of 1676?
False
Is 207 a factor of 88326166?
False
Does 172 divide 10968440?
True
Does 6056 divide 870931528?
True
Is 179330852 a multiple of 107?
False
Is 191718441 a multiple of 1205?
False
Does 29 divide 2379567?
False
Is 124 a factor of 30453160?
True
Is 1151 a factor of 614260290?
False
Is 155 a factor of 9810415?
True
Does 285 divide 238878450?
True
Is 127 a factor of 53920898?
True
Does 3771 divide 550988352?
True
Is 36904972 a multiple of 58?
False
Is 19 a factor of 50416810?
False
Is 5808086 a multiple of 113?
False
Is 1221 a factor of 139297566?
False
Is 18 a factor of 112141458?
True
Is 3410 a factor of 964138763?
False
Is 1238 a factor of 954595802?
True
Is 31758387 a multiple of 51?
False
Is 931180521 a multiple of 3?
True
Is 38438761 a multiple of 112?
False
Is 249553170 a multiple of 23?
False
Does 606 divide 61440522?
True
Is 20 a factor of 9950320?
True
Is 276 a factor of 24673572?
True
Does 8 divide 6676920?
True
Is 470984239 a multiple of 76?
False
Is 864 a factor of 47412864?
True
Does 4 divide 7412655?
False
Does 178 divide 349764876?
False
Is 2406 a factor of 1343532054?
True
Is 342533181 a multiple of 6177?
True
Is 23 a factor of 6031782?
False
Is 989 a factor of 35822569?
True
Is 45576954 a multiple of 223?
False
Is 27 a factor of 341178478?
False
Is 1368 a factor of 230817002?
False
Is 231092284 a multiple of 1388?
True
Is 26895833 a multiple of 3?
False
Is 27333603 a multiple of 51?
True
Is 42 a factor of 38450779?
False
Does 15 divide 24139242?
False
Is 49 a factor of 143953180?
True
Is 2233 a factor of 622866321?
True
Is 15 a factor of 65337450?
True
Is 1226857144 a multiple of 13?
False
Is 6031112 a multiple of 166?
True
Does 211 divide 43422466?
False
Is 1690 a factor of 64277460?
True
Is 11 a factor of 9053579?
False
Is 245 a factor of 3989692068?
False
Does 27 divide 135088814?
False
Does 1470 divide 33573330?
True
Does 1694 divide 225173256?
True
Is 30 a factor of 16186950?
True
Is 578563780 a multiple of 22?
False
Does 12583 divide 7602069782?
True
Is 5288 a factor of 2754547301?
False
Is 9277 a factor of 3370501086?
True
Is 48 a factor of 917781312?
True
Is 32 a factor of 59023520?
True
Does 1491 divide 516413814?
True
Does 38 divide 1516906496?
True
Is 32982666 a multiple of 226?
True
Is 2058 a factor of 251751024?
True
Is 2086905379 a multiple of 42?
False
Is 16 a factor of 23276862?
False
Does 2 divide 4148014?
True
Is 1027 a factor of 19845005?
False
Does 14 divide 1006844654?
False
Does 2087 divide 344874891?
False
Is 136948282 a multiple of 24?
False
Is 9010375 a multiple of 15?
False
Is 931 a factor of 735850297?
True
Is 5676 a factor of 1358163398?
False
Does 31 divide 570772?
True
Is 385187058 a multiple of 941?
True
Does 1015 divide 210193305?
True
Is 384070731 a multiple of 14?
False
Is 7461813 a multiple of 34?
False
Is 1801456776 a multiple of 125?
False
Does 2865 divide 511733296?
False
Is 57 a factor of 32143098?
True
Is 9321 a factor of 1506693045?
True
Is 2715722436 a multiple of 21?
True
Is 1067 a factor of 95258559?
True
Is 13 a factor of 2619888?
False
Is 19706366 a multiple of 39?
False
Is 54 a factor of 12631248?
True
Is 1383020914 a multiple of 61?
True
Does 1342 divide 462990?
True
Is 91 a factor of 59178436?
False
Is 173 a factor of 74926992?
True
Does 9 divide 9820395?
True
Is 203650281 a multiple of 27?
True
Is 24 a factor of 40671600?
True
Does 22 divide 1090596?
False
Is 2319012 a multiple of 148?
True
Is 3499948924 a multiple of 26?
False
Is 35391225 a multiple of 49?
False
Is 21 a factor of 30584421?
True
Is 118 a factor of 6397134?
True
Is 23 a factor of 786238723?
False
Does 9 divide 726169092?
False
Is 19309680 a multiple of 2340?
True
Does 8 divide 249411192?
True
Is 11242310 even?
True
Is 79 a factor of 31458756?
False
Is 207563200 a multiple of 5525?
True
Does 67 divide 11657181?
False
Is 21 a factor of 420461?
False
Is 280 a factor of 189007840?
True
Does 14 divide 130886168?
True
Is 18 a factor of 10823400?
True
Does 1108 divide 433102030?
False
Is 2716 a factor of 30074899?
False
Does 75 divide 202966811?
False
Is 1467060192 a multiple of 13?
True
Is 192008729 a multiple of 165?
False
Is 424 a factor of 591051566?
False
Does 9 divide 167425317?
True
Is 107530935 a multiple of 429?
False
Is 451 a factor of 2742003781?
True
Is 60561336 a multiple of 22?
True
Is 72947861 a multiple of 46?
False
Is 30231365 a multiple of 43?
True
Is 2746 a factor of 68155720?
True
Is 16989418 a multiple of 172?
False
Does 10 divide 872004930?
True
Is 610546290 a multiple of 10?
True
Does 207 divide 176357324?
False
Is 145159174 a multiple of 1366?
False
Is 29 a factor of 1050148?
True
Does 104 divide 88402184?
True
Does 681 divide 589507554?
False
Does 68 divide 69742908?
True
Does 339 divide 106213351?
False
Does 42 divide 69591690?
True
Does 4 divide 223223680?
True
Is 100838500 a multiple of 613?
True
Is 145260663 a multiple of 2015?
False
Is 774 a factor of 133598993?
False
Is 427249698 a multiple of 327?
True
Is 4306232490 a multiple of 16?
False
Is 295374300 a multiple of 30?
True
Is 1266146035 a multiple of 2695?
True
Is 949 a factor of 24252958?
False
Is 208346402 a multiple of 16?
False
Is 7299767 a multiple of 8?
False
Does 478 divide 872464337?
False
Does 2272 divide 5863372?
False
Is 952 a factor of 201636456?
True
Does 9 divide 1522674?
True
Is 1270873190 a multiple of 2231?
False
Does 7259 divide 1619351877?
False
Is 25932720 a multiple of 470?
True
Is 302 a factor of 1355074?
True
Is 32 a factor of 12181561?
False
Does 10 divide 398786288?
False
Is 200 a factor of 2144864?
False
Does 48 divide 1290440156?
False
Is 17 a factor of 356383495?
True
Is 635351159 a multiple of 456?
False
Is 1573409 a multiple of 24?
False
Is 2484 a factor of 97660944?
True
Is 39126260 a multiple of 205?
False
Is 15937922 a multiple of 1001?
True
Is 1477702400 a multiple of 955?
False
Is 90 a factor of 611850157?
False
Does 861 divide 70628026?
False
Is 2944707456 a multiple of 384?
True
Is 123 a factor of 18589280?
False
Is 12664882 even?
True
Is 1855 a factor of 618570032?
False
Does 315 divide 203553966?
False
Does 480 divide 21063912?
False
Does 440 divide 6556440?
True
Is 2676 a factor of 1025036448?
True
Is 4 a factor of 108007304?
True
Is 462382192 a multiple of 296?
True
Does 59 divide 47700436?
False
Does 15 divide 20794440?
True
Is 19 a factor of 316828940?
False
Is 80 a factor of 186755557?
False
Is 28 a factor of 951061?
False
Is 1159906 a multiple of 7?
False
Does 122 divide 499150761?
False
Is 120 a factor of 196556520?
True
Does 1948 divide 1036596063?
False
Does 88 divide 138210155?
False
Does 212 divide 41226852?
False
Does 338 divide 21386354?
False
Is 793 a factor of 237527290?
True
Is 46 a factor of 108849190